 62?
31
Suppose c - 201 = -3. Calculate the greatest common factor of c and 44.
22
Let o = 258 + -126. Suppose 4*g + 70 = -g. Let w = -2 - g. What is the highest common factor of o and w?
12
Let y(x) = x**2 + 6*x + 24. Let t be (0 + (-2)/2)*(-22 - -15). Let r be y(t). Calculate the highest common divisor of 46 and r.
23
Let o = 21 + 21. Let k be 0/2 + (-3 - -5). Suppose -3*b + k*u + 16 = 0, -7*b + 15 = -5*b + 3*u. What is the greatest common divisor of o and b?
6
Let l(r) = -12*r - 68. Let s be l(-7). Suppose 7*g - 9*g + s = 0. What is the greatest common factor of 40 and g?
8
Let o = -59 - -69. Suppose -5*i + o*i - 45 = 0. What is the greatest common divisor of 9 and i?
9
Let p(n) = 3*n + 8. Let f be p(4). Suppose 24 = 2*v - f. Let g = -6 + v. Calculate the greatest common divisor of g and 8.
8
Suppose 7*b + 2063 = 6655. What is the greatest common factor of 16 and b?
16
Suppose 3*q - 3*c - 381 = 0, 2*q + c = q + 125. Let d = 1472 - 1454. What is the highest common divisor of q and d?
18
Let t be ((-72)/16)/(12/(-8)). What is the greatest common divisor of t and 15?
3
Suppose 21*f - 9*f = 7392. What is the greatest common factor of f and 176?
88
Let m = 16 - 14. Let z = -380 + 386. Calculate the greatest common divisor of z and m.
2
Suppose 2108 + 412 = 9*w. What is the highest common divisor of 385 and w?
35
Suppose -2 = -10*c + 8*c. Let a be (102/(-10))/(c/(-45)). Suppose -3*p - a = -6*p. Calculate the highest common divisor of 17 and p.
17
Suppose -9 = 2*k + k - 3*s, 16 = -4*k + 5*s. Let q be (2 - k)*(-10 + 151). Calculate the highest common factor of q and 47.
47
Let i(d) = -15*d**2 + 89*d + 5. Let v be i(5). Calculate the highest common divisor of v and 75.
75
Let r = 0 - 0. Suppose -3*o - 2*q + 36 = 3*q, -2*q = r. Suppose 0 = 3*n - o, -n - 3*n = -4*z + 24. What is the greatest common divisor of 50 and z?
10
Let o be (-2 - 2 - -5)*5. Suppose -3*n + 32 = o*n. Suppose -c = a - 48, -n*a + 10*c = 5*c - 210. What is the highest common factor of 10 and a?
10
Let j(g) = 11*g + 64. Let t be j(11). What is the highest common divisor of 5 and t?
5
Suppose 5*g - 28 - 43 = -3*h, 3*g = -h + 17. Suppose -4*l + 10 = 3*u, u - 9*l = -10*l + 3. What is the highest common factor of h and u?
2
Let c(g) = 33*g - 95. Let a be c(41). Calculate the highest common factor of a and 74.
74
Let z be -1 + -2 - -3*5. Let j be 75/(-20)*z/(-9). What is the greatest common factor of j and 20?
5
Suppose -y + 12 + 1 = 5*t, -4*y + t = -31. Let g be 1*y/(3 + 1). Suppose 2*n = -5*u + 36, g*n - 18 = n - u. Calculate the greatest common factor of 9 and n.
9
Let q(g) = 33*g + 11. Let n be q(0). Calculate the highest common divisor of 121 and n.
11
Let z = -151 + 251. What is the highest common divisor of z and 320?
20
Suppose 3*n = 3*t + 72, -4*t - 16 = -5*n + 101. Let p(c) = c + 29. Let z be p(n). Calculate the highest common factor of z and 20.
10
Suppose 0 = -q - 4*k + 12, 0*q = 2*q + 5*k - 18. Suppose -2*y = -q*y + 14. What is the greatest common divisor of y and 28?
7
Let i = -333 - -1890. Calculate the highest common divisor of i and 9.
9
Let z = 133 - -134. Let n = -152 + z. Suppose 5*i - 9*i = -92. Calculate the greatest common divisor of i and n.
23
Suppose -5*j + 947 = 2*p, -19*p + 5*j + 481 = -18*p. What is the greatest common factor of p and 140?
28
Let o = 231 + -213. What is the greatest common divisor of o and 42?
6
Suppose -3*d = 0, -6*g - 640 = -8*g - d. Calculate the greatest common divisor of g and 20.
20
Suppose -5*j - b + 1266 = 0, -3*b - 420 - 336 = -3*j. What is the highest common factor of 207 and j?
23
Let y(h) = 22*h + 321. Let g be y(50). What is the greatest common factor of g and 49?
49
Let a = -13 + 20. Suppose 0*c + a*c - 168 = 0. Calculate the greatest common divisor of c and 24.
24
Suppose 4 = -r + 2*x, -4*x + x = 4*r - 17. Suppose -5*h - 10 = 0, -r*y + 56 = 2*y + 4*h. What is the highest common factor of y and 144?
16
Let y(d) = 4*d**2 - 46*d + 23. Let z be y(13). What is the greatest common divisor of 101 and z?
101
Let r = 905 - 842. What is the greatest common factor of r and 203?
7
Suppose -l + 78 = -19. Let q = -93 + l. Calculate the greatest common factor of q and 16.
4
Let j = 1280 + -524. What is the highest common factor of j and 56?
28
Let a be 71*(7/7)/(2 - 1). Let f = 108 - a. Calculate the greatest common factor of f and 185.
37
Let w(j) = -19*j + 3. Let y be w(-3). Let a(m) = m**3 + 5*m**2 + 3*m - 8. Let g be a(-5). Let r = g + 35. What is the highest common factor of y and r?
12
Let z be 316/10 - 2/(-5). Suppose 12 = c - 2*v, -3*v - z = -0*c - 5*c. What is the highest common factor of 44 and c?
4
Suppose -2*i = 4*b + 132, 4*b - 368 = 5*i + 4. Let a = -65 - i. Suppose -3*s + 5 = -16. Calculate the highest common factor of a and s.
7
Let v be 12 + 6 + 10 + -3. Calculate the greatest common divisor of 600 and v.
25
Suppose -4*q - o + 386 = 0, 139 + 61 = 2*q + 4*o. Calculate the greatest common factor of 36 and q.
12
Let u be 20/(-6 + 66/9). Calculate the greatest common divisor of u and 24.
3
Let y(a) = 3*a**2 + 3 + 8*a - 4*a**2 - 4. Let z be y(6). Calculate the greatest common divisor of 99 and z.
11
Let z(q) = -q - 6. Let i be z(-8). Suppose -7 = -n - i. Suppose -k + 90 = n*k. What is the greatest common divisor of k and 10?
5
Let m be (9 - 5) + 2/(2 + -4). What is the greatest common factor of 81 and m?
3
Let h = 300 - 183. Suppose 6*q = 5*q + h. Calculate the greatest common factor of q and 39.
39
Let x(q) = -q + 26. Let i be x(-12). Suppose -i = -2*t - 0. Calculate the greatest common divisor of t and 57.
19
Let f = -45 + 45. Let c(z) be the first derivative of z**2/2 + 12*z + 2. Let v be c(f). What is the highest common divisor of 18 and v?
6
Let a = -14 + 74. Let f be -1 - (3 - 0/(-1)). Let u be (7/(-3) - f)*9. Calculate the greatest common divisor of a and u.
15
Let y be 2*((-7)/(-21))/((-4)/(-42)). Let o be (2/(-3))/(6/(-63)). Let a(u) = 10*u - 7. Let r be a(o). Calculate the highest common factor of y and r.
7
Let p(f) = -14*f + 23 + 6*f + 11*f + 37. Let x be p(-14). Calculate the greatest common factor of 18 and x.
18
Let c = -12 - 65. Let z = 42 - c. Calculate the highest common divisor of z and 17.
17
Suppose 25*o - 438 = 137. What is the highest common factor of 391 and o?
23
Suppose 89 = 6*v - 319. Let m = v + -62. Suppose 0 = -5*l + 4*l + 18. Calculate the highest common factor of m and l.
6
Suppose 6 = -2*m + 62. Suppose -2*j - 3*s + m = 0, 3*s - 14 = -j + 5*s. Calculate the greatest common factor of 2 and j.
2
Let v(a) = 12*a - 3. Let x be v(2). Suppose 0 = -3*o - 5*q + 308 - x, 0 = -4*o - q + 394. Calculate the greatest common factor of 11 and o.
11
Suppose -o = -2*o - 1. Let s be -66*((-4)/8 - o). Let j be -2 - 1 - (s - 0). What is the greatest common divisor of j and 10?
10
Suppose -558*w + 571*w - 26026 = 0. Calculate the highest common divisor of 77 and w.
77
Suppose 2*v + 25 = 7*v, -v = -4*w + 439. Let h be 3/(0 - (-3)/w). Calculate the greatest common divisor of h and 74.
37
Let h = 272 - 91. Suppose h = -19*m + 941. Calculate the highest common factor of 5 and m.
5
Let t = 813 + -741. What is the greatest common divisor of 152 and t?
8
Let p(a) be the first derivative of -a**4/4 - 10*a**3/3 - 4*a**2 + a - 7. Let u be p(-10). Calculate the greatest common divisor of 9 and u.
9
Let u = 63 - -21. Calculate the highest common divisor of 126 and u.
42
Let b = -62 - -92. Suppose -76 = -4*n - 3*v - 25, 1 = v. Calculate the greatest common divisor of b and n.
6
Suppose -3*h - 11 = -f, 3*h + 13 = 2*f - 0*h. Suppose 0 = -f*m - m + 27. Let o(q) = q + 11. Let x be o(-8). Calculate the greatest common divisor of m and x.
3
Suppose -5*w = -0*w + 5*d, -2*d + 12 = 5*w. Calculate the greatest common divisor of w and 4.
4
Let d = 237 - 227. Calculate the highest common divisor of 20 and d.
10
Let f = -3 - -1. Let i(x) be the third derivative of x**5/60 + x**3/3 + x**2. Let z be i(f). What is the highest common factor of z and 30?
6
Let x(j) = 3*j**2 + 3*j + 7. Let c be x(6). Suppose -4*m = 3*t - 9, -4*t - 4*m + 8 = -8. Calculate the greatest common factor of t and c.
7
Let f(m) = 10*m**2 + m**2 + 12 + m**3 + 25*m - 3*m**3 + m**3. Let v be f(12). Calculate the highest common divisor of v and 24.
24
Let v be ((-959)/(-5) -